dreds digit of 86397671?
6
What is the ten millions digit of 83583939?
8
What is the thousands digit of 506073297?
3
What is the hundred thousands digit of 26431837?
4
What is the hundred thousands digit of 1189849378?
8
What is the units digit of 1718058121?
1
What is the thousands digit of 4435668539?
8
What is the hundreds digit of 46236220?
2
What is the units digit of 1306937704?
4
What is the hundred millions digit of 479451701?
4
What is the tens digit of 193317035?
3
What is the hundred thousands digit of 90795960?
7
What is the hundred thousands digit of 274128616?
1
What is the billions digit of 1516905614?
1
What is the billions digit of 5307799492?
5
What is the billions digit of 4566806780?
4
What is the ten millions digit of 152840483?
5
What is the hundred thousands digit of 1014154919?
1
What is the millions digit of 2819603378?
9
What is the ten millions digit of 967268958?
6
What is the millions digit of 82336683?
2
What is the millions digit of 347961408?
7
What is the ten thousands digit of 1476583685?
8
What is the millions digit of 320383127?
0
What is the millions digit of 218287482?
8
What is the billions digit of 1798165546?
1
What is the ten thousands digit of 82352976?
5
What is the thousands digit of 20842710?
2
What is the tens digit of 5130880?
8
What is the hundreds digit of 1031268151?
1
What is the hundred millions digit of 886025621?
8
What is the hundred thousands digit of 40893321?
8
What is the thousands digit of 67334090?
4
What is the ten thousands digit of 44441520?
4
What is the thousands digit of 94055986?
5
What is the ten millions digit of 468781204?
6
What is the ten thousands digit of 39079151?
7
What is the billions digit of 5074422324?
5
What is the hundred thousands digit of 868966227?
9
What is the millions digit of 69849006?
9
What is the thousands digit of 402842667?
2
What is the thousands digit of 67260845?
0
What is the units digit of 1379157486?
6
What is the units digit of 5574757959?
9
What is the units digit of 625867766?
6
What is the ten thousands digit of 78831488?
3
What is the ten thousands digit of 300497558?
9
What is the hundreds digit of 34957636?
6
What is the millions digit of 176451742?
6
What is the units digit of 4252541501?
1
What is the hundred thousands digit of 2843046239?
0
What is the hundred thousands digit of 14916338?
9
What is the ten thousands digit of 16952654?
5
What is the units digit of 86134577?
7
What is the hundreds digit of 48315226?
2
What is the hundreds digit of 246517846?
8
What is the ten thousands digit of 1033736328?
3
What is the units digit of 66378751?
1
What is the thousands digit of 104195290?
5
What is the units digit of 85047915?
5
What is the ten thousands digit of 286550188?
5
What is the units digit of 258554117?
7
What is the hundred thousands digit of 96519677?
5
What is the hundred thousands digit of 75632893?
6
What is the hundred thousands digit of 188789058?
7
What is the ten millions digit of 5448696694?
4
What is the units digit of 485650764?
4
What is the units digit of 318968518?
8
What is the hundreds digit of 57630530?
5
What is the millions digit of 106892862?
6
What is the hundreds digit of 117824706?
7
What is the hundred thousands digit of 1924715822?
7
What is the units digit of 20395526?
6
What is the tens digit of 36228890?
9
What is the units digit of 30211739?
9
What is the ten millions digit of 316841188?
1
What is the hundred thousands digit of 180682462?
6
What is the ten millions digit of 14465155?
1
What is the ten thousands digit of 102210466?
1
What is the billions digit of 2083014793?
2
What is the billions digit of 5038034242?
5
What is the thousands digit of 1870731960?
1
What is the hundreds digit of 2227594895?
8
What is the hundred thousands digit of 134592327?
5
What is the thousands digit of 24622245?
2
What is the ten thousands digit of 33549377?
4
What is the thousands digit of 27873625?
3
What is the ten thousands digit of 494517229?
1
What is the hundreds digit of 2246486395?
3
What is the hundred millions digit of 155716539?
1
What is the units digit of 401545396?
6
What is the hundreds digit of 77220802?
8
What is the thousands digit of 1592360228?
0
What is the billions digit of 7554053196?
7
What is the ten thousands digit of 1330467182?
6
What is the thousands digit of 1211996970?
6
What is the hundred millions digit of 101810287?
1
What is the hundreds digit of 367981399?
3
What is the ten millions digit of 669262209?
6
What is the thousands digit of 834731226?
1
What is the units digit of 676134807?
7
What is the hundred thousands digit of 253205640?
2
What is the hundred millions digit of 4440311208?
4
What is the ten thousands digit of 3223688?
2
What is the tens digit of 1238488687?
8
What is the hundred millions digit of 297018010?
2
What is the ten millions digit of 2250780950?
5
What is the units digit of 111536569?
9
What is the thousands digit of 42330605?
0
What is the tens digit of 46171159?
5
What is the tens digit of 559696009?
0
What is the ten millions digit of 975204142?
7
What is the thousands digit of 59786834?
6
What is the thousands digit of 2060551074?
1
What is the thousands digit of 143383157?
3
What is the units digit of 84459474?
4
What is the ten millions digit of 72523983?
7
What is the millions digit of 125652351?
5
What is the units digit of 28824593?
3
What is the hundreds digit of 948143882?
8
What is the millions digit of 8474026?
8
What is the hundred thousands digit of 1572327016?
3
What is the millions digit of 441857365?
1
What is the hundred millions digit of 6531004264?
5
What is the ten millions digit of 52751558?
5
What is the ten thousands digit of 168335420?
3
What is the tens digit of 57528621?
2
What is the tens digit of 30942612?
1
What is the hundred thousands digit of 37161285?
1
What is the tens digit of 402402538?
3
What is the ten thousands digit of 143536342?
3
What is the tens digit of 149204967?
6
What is the millions digit of 522834639?
2
What is the hundred thousands digit of 255805436?
8
What is the hundreds digit of 593697481?
4
What is the hundreds digit of 127516233?
2
What is the tens digit of 547209437?
3
What is the tens digit of 1905796776?
7
What is the millions digit of 263102116?
3
What is the hundred millions digit of 698072026?
6
What is the hundreds digit of 446139290?
2
What is the ten thousands digit of 80403793?
0
What is the units digit of 259351309?
9
What is the hundreds digit of 58916837?
8
What is the millions digit of 258479759?
8
What is the thousands digit of 346836933?
6
What is the hundred thousands digit of 117237756?
2
What is the billions digit of 1583357802?
1
What is the ten millions digit of 72661495?
7
What is the hundred thousands digit of 368658269?
6
What is the ten millions digit of 70339925?
7
What is the units digit of 44117588?
8
What is the hundreds digit of 32320421?
4
What is the billions digit of 2394998206?
2
What is the units digit of 8111953?
3
What is the thousands digit of 1358554469?
4
What is the tens digit of 802035345?
4
What is the hundreds digit of 495468616?
6
What is the ten millions digit of 294573214?
9
What is the units digit of 151077593?
3
What is the hundred thousands digit of 38813764?
8
What is the units digit of 272458815?
5
What is the ten thousands digit of 5389250370?
5
What is the units digit of 90083505?
5
What is the millions digit of 97488329?
7
What is the tens digit of 2928037?
3
What is the thousands digit of 2661877017?
7
What is the units digit of 368842619?
9
What is the ten millions digit of 146153993?
4
What is the units digit of 84644822?
2
What is the tens digit of 1021220189?
8
What is the hundred millions digit of 2768580304?
7
What is the ten millions digit of 150429613?
5
What is the ten millions digit of 179162678?
7
What is the hundred millions digit of 6363162184?
3
What is the hundred thousands digit of 956014905?
0
What is the hundred thousands digit of 1380909227?
9
What is the tens digit of 5334751154?
5
What is the ten millions digit of 5942661758?
4
What is the ten millions digit of 109761900?
0
What is the hundreds digit of 219413106?
1
What is the hundred millions digit of 144466210?
1
What is the hundreds digit of 1740904246?
2
What i